NOAA Reports


Report for 2003 Nov
MONTHLY CLIMATOLOGICAL SUMMARY for NOV. 2003

NAME: Sunset Beach   CITY: Sunset Beach (Mainland) STATE: North Carolina
ELEV: 52 LAT: 033:54:59 LONG: 0078:29:50

                            TEMPERATURE ( F), RAIN (in.), WIND SPEED (mph)

                                                 HEAT     COOL           AVG
      MEAN                                       DEG      DEG            WIND                        DOM
DAY   TEMP    HIGH   TIME      LOW     TIME      DAYS     DAYS   RAIN    SPEED    HIGH    TIME       DIR
----------------------------------------------------------------------------------------------------------------------------------------------------------
01    61.0    86.0   15:30    34.4   06:30     04.0     00.0   00.00   00.1     08.1    14:30     NNE
02    63.6    85.9   15:30    45.5   08:00     01.4     00.0   00.00   00.0     06.9    16:00     NNE
03    63.2    86.0   16:00    46.6   07:00     01.7     00.0   00.00   00.2     09.2    15:00      E 
04    65.7    83.6   16:30    52.8   03:30     00.0     00.7   00.00   00.5     11.5    15:00     SSE
05    70.0    82.2   15:00    61.9   01:30     00.0     05.0   00.31   00.6     10.3    15:30     SSE
06    65.3    74.9   11:30    36.9   00:00     00.0     00.4   00.08   00.6     09.2    11:30      S 
07    44.8    62.7   16:00    32.8   08:00     20.1     00.0   00.00   00.9     11.5    11:30     NNE
08    53.4    75.5   16:30    34.8   07:30     11.6     00.0   00.00   00.2     11.5    14:30      S 
09    68.3    81.6   15:00    34.3   16:00     00.0     03.3   00.00   02.4     17.3    17:00      SW
10    53.1    69.9   00:30    34.2   00:00     11.8     00.0   00.00   08.3     31.6    12:30     NNW
11    41.3    55.5   16:30    28.5   07:30     23.6     00.0   00.00   01.1     11.5    15:30     NNW
12    48.7    56.9   16:00    34.2   08:00     16.3     00.0   00.00   00.2     05.8    15:00     ENE
13    57.3    74.6   16:00    42.7   02:00     07.6     00.0   00.00   01.0     12.7    16:00      S 
14    59.4    71.2   16:00    34.2   19:30     05.5     00.0   00.00   00.1     10.3    13:00      S 
15    60.3    67.3   13:30    51.2   04:00     04.6     00.0   00.00   02.9     16.1    23:00     SSE
16    62.5    69.7   07:30    54.0   00:00     02.4     00.0   00.48   05.6     27.6    20:00     SSE
17    52.9    68.3   16:00    34.2   08:30     12.0     00.0   00.00   00.7     11.5    03:29      N 
18    53.2    81.2   16:00    34.3   07:30     11.7     00.0   00.00   00.0     04.6    14:30     NNW
19    53.2    80.6   16:00    34.2   21:00     11.8     00.0   00.00   00.0     06.9    15:00     WSW
20    53.3    78.2   16:30    34.9   08:00     11.7     00.0   00.00   00.1     11.5    13:30      SE
21    53.1    69.2   12:00    34.2   01:29     11.8     00.0   00.11   02.3     20.7    19:30      SW
22    40.4    56.5   16:30    28.3   08:00     24.5     00.0   00.00   01.3     11.5    12:30     NNE
23    42.0    59.7   16:00    27.4   07:30     23.0     00.0   00.00   00.4     06.9    16:30      E 
24    50.8    62.1   15:30    38.2   07:30     14.1     00.0   00.00   00.6     10.3    21:30     ESE
25    56.5    66.2   11:30    39.0   00:00     08.4     00.0   00.09   05.4     29.9    20:30      NW
26    37.1    45.5   16:30    30.5   00:00     27.9     00.0   00.00   05.1     24.1    02:00     NNW
27    42.2    66.7   16:30    23.0   08:00     22.8     00.0   00.00   00.2     11.5    13:30     NNW
----------------------------------------------------------------------------------------------------------------------------------------------------------
54.5 (54.4)   86.0  day 03     23.0  day 27   290.4    009.5   01.07   01.5     3.7   day 10     NNW
Max >=  86: 2
Min <=  86: 27
Min <=  23: 1
Max Rain: 0.48 ON 16-11-10
Days of Rain: 5 (> .008in) 5 (> .08in) 0 (> 0.8in)