NOAA Reports


Report for 2003 Dec
MONTHLY CLIMATOLOGICAL SUMMARY for DEC. 2003

NAME: Sunset Beach   CITY: Sunset Beach (Mainland) STATE: North Carolina
ELEV: 52 LAT: 033:54:59 LONG: 0078:29:50

                            TEMPERATURE ( F), RAIN (in.), WIND SPEED (mph)

                                                 HEAT     COOL           AVG
      MEAN                                       DEG      DEG            WIND                        DOM
DAY   TEMP    HIGH   TIME      LOW     TIME      DAYS     DAYS   RAIN    SPEED    HIGH    TIME       DIR
----------------------------------------------------------------------------------------------------------------------------------------------------------
01    48.4    67.7   14:30    30.1   07:00     16.6     00.0   00.00   03.0     24.1    17:00     NNW
02    40.5    56.7   16:30    24.9   08:30     24.5     00.0   00.00   01.0     12.7    16:00     NNW
03    36.0    38.7   14:00    29.6   01:29     29.0     00.0   00.00   01.1     10.3    10:30     ESE
04    34.4    37.0   12:00    33.1   00:00     30.5     00.0   00.30   02.6     14.9    11:30     NNE
05    36.7    40.4   16:30    33.1   00:30     28.2     00.0   00.02   01.5     10.3    00:30      N 
06    39.3    48.8   15:30    30.6   08:30     25.6     00.0   00.00   03.1     19.6    20:30      N 
07    35.7    49.6   16:30    23.2   08:30     29.3     00.0   00.00   02.1     20.7    12:30     NNW
08    35.8    58.6   16:00    20.2   08:00     29.2     00.0   00.00   00.2     10.3    11:30     SSE
09    40.0    61.3   16:00    23.7   08:00     24.9     00.0   00.00   00.1     08.1    16:00      SE
10    47.3    59.0   17:00    36.9   01:29     17.7     00.0   00.86   02.5     19.6    17:30     SSE
11    43.9    53.3   16:00    33.0   00:00     21.0     00.0   00.00   03.6     23.0    14:30     NNW
12    37.3    54.8   15:30    22.7   08:00     27.7     00.0   00.00   00.7     08.1    14:00      N 
13    36.5    44.5   14:00    31.7   04:00     28.4     00.0   00.78   01.4     14.9    22:00     ENE
14    33.8    36.6   17:30    32.4   09:30     31.1     00.0   00.31   02.5     16.1    04:00      N 
15    40.3    59.0   16:30    28.4   08:30     24.6     00.0   00.01   00.8     11.5    13:00     NNW
16    40.3    55.0   16:30    26.5   08:30     24.6     00.0   00.18   01.3     20.7    00:00     NNW
17    41.8    48.6   14:30    35.1   00:00     23.1     00.0   00.00   04.7     25.3    15:00     NNW
18    39.1    52.9   14:30    28.8   02:00     25.8     00.0   00.00   00.9     11.5    18:00     NNW
19    39.9    51.6   16:30    26.4   00:00     25.0     00.0   00.00   02.5     23.0    13:30     NNW
20    42.7    62.2   16:00    24.6   02:00     22.3     00.0   00.00   01.0     11.5    17:30      S 
21    46.4    64.8   14:30    26.6   08:30     18.6     00.0   00.00   01.3     11.5    18:30     SSE
22    51.7    57.3   16:30    37.2   00:00     13.2     00.0   00.01   03.3     17.3    15:00     NNW
23    32.5    46.2   16:30    21.2   08:30     32.5     00.0   00.00   01.0     14.9    14:30      N 
24    35.4    54.3   16:30    18.1   08:30     29.5     00.0   00.00   00.3     11.5    14:00      N 
25    42.0    65.4   16:30    19.9   08:30     22.9     00.0   00.00   00.0     05.8    13:00      N 
26    40.1    65.8   16:30    23.0   08:30     24.8     00.0   00.00   00.1     08.1    13:00     ESE
27    45.4    66.8   15:00    26.0   09:00     19.6     00.0   00.00   01.4     19.6    22:30      SE
28    46.4    57.2   16:00    29.8   00:00     18.5     00.0   00.00   01.9     19.6    00:30     NNW
29    38.4    62.1   16:00    21.9   08:30     26.6     00.0   00.00   00.0     06.9    15:00      NW
----------------------------------------------------------------------------------------------------------------------------------------------------------
40.3 (40.9)   67.7  day 01     18.1  day 24   715.2    000.0   2.47   01.6     25.3   day 19      N 
Min <=  86: 29
Min <=  23: 7
Max Rain: 0.86 ON 10-12-10
Days of Rain: 8 (> .008in) 5 (> .08in) 1 (> 0.8in)