NOAA Reports


Report for 2008 Sep
MONTHLY CLIMATOLOGICAL SUMMARY for SEP. 2008

NAME: Sunset Beach   CITY: Sunset Beach STATE: North Carolina
ELEV: 52 Feet LAT: 033:54:59 LONG: 0078:29:50

                            TEMPERATURE ( F), RAIN (in.), WIND SPEED (mph)

                                                 HEAT     COOL           AVG
      MEAN                                       DEG      DEG            WIND                        DOM
DAY   TEMP    HIGH   TIME      LOW     TIME      DAYS     DAYS   RAIN    SPEED    HIGH    TIME       DIR
----------------------------------------------------------------------------------------------------------------------------------------------------------
01    77.9    88.0   16:29    67.7   00:00     00.0     12.7   00.00   01.1     13.8    14:59      SE
02    73.3    86.8   15:29    59.7   07:29     00.0     07.8   00.01   00.9     13.8    17:29     SSW
03    72.7    87.2   15:29    58.2   07:29     00.0     07.8   00.00   00.5     13.8    15:59     ESE
04    74.1    86.6   14:59    61.6   07:59     00.0     09.4   00.00   01.2     16.1    15:59      E 
05    75.2    82.8   16:59    67.5   04:59     00.0     09.9   00.11   02.7     53.4    00:00      SW
06    80.5    88.5   15:59    72.5   06:59     00.0     15.3   00.24   05.0     62.6    03:59      SW
07    80.8    89.2   12:29    72.3   07:59     00.0     15.9   00.00   00.7     15.0    14:29     SSE
08    79.9    88.4   11:59    71.4   06:59     00.0     14.5   00.01   00.9     13.8    14:59      S 
09    78.7    86.7   12:59    70.7   07:29     00.0     14.2   00.00   00.8     16.1    13:29      E 
10    80.3    88.0   13:29    72.6   07:59     00.0     12.6   00.00   00.5     42.6    19:00      E 
11    78.0    83.6   14:59    72.3   04:45     00.0     10.6   01.19   00.9     17.3    15:23     SSE
12    78.1    85.3   13:05    70.9   07:30     00.0     12.6   00.01   01.4     17.3    11:32     SSW
13    79.0    87.8   14:04    70.1   07:22     00.0     14.1   00.00   01.1     16.1    17:05     SSW
14    80.7    87.3   13:29    74.1   05:58     00.0     15.8   00.00   02.4     21.9    17:14      S 
15    82.3    90.7   13:37    74.0   00:00     00.0     17.8   00.00   02.4     18.4    18:00      NE
16    78.1    86.1   14:13    70.1   07:13     00.0     10.5   00.00   00.7     16.1    18:13      NE
17    71.9    77.9   13:51    66.0   00:00     00.0     05.9   00.00   01.6     17.3    05:09      NE
18    70.1    80.8   15:10    59.5   07:31     00.0     04.3   00.00   01.3     20.7    12:18      NE
19    70.8    82.9   14:07    58.6   05:21     00.0     03.9   00.00   02.4     23.0    12:59      NE
20    65.7    74.9   14:50    56.4   07:13     00.0     00.7   00.00   01.7     18.4    21:59      NE
21    70.4    77.1   13:59    63.6   07:27     00.0     04.6   00.00   01.3     18.4    09:37      NE
22    70.3    76.5   16:49    64.0   00:00     00.0     03.5   00.12   00.8     17.3    16:48      NE
23    69.8    78.7   14:48    60.9   02:35     00.0     03.8   00.00   03.4     26.5    16:29      NE
24    66.0    74.9   15:38    57.0   07:29     00.5     00.0   00.00   04.2     27.6    23:02      NE
25    65.5    71.5   22:56    59.5   07:30     01.2     00.0   00.54   07.6     40.3    23:52      NE
26    71.2    76.6   14:08    65.8   00:00     00.0     05.6   00.26   05.0     47.2    00:53      NE
27    72.3    81.2   12:02    63.4   07:45     00.0     07.7   00.00   01.4     20.7    13:31      NE
28    74.1    82.4   12:17    65.7   07:03     00.0     08.8   00.00   01.1     17.3    13:14      NE
29    73.2    83.2   12:13    63.2   07:30     00.0     07.8   00.00   01.0     17.3    15:47      NE
30    72.8    79.9   15:38    65.7   05:05     00.0     06.1   00.00   00.4     13.8    15:21     ESE
----------------------------------------------------------------------------------------------------------------------------------------------------------
73.8 (74.4)   90.7  day 15     56.4  day 20   001.8    277.7   02.48   01.8     47.2   day 26     ENE
Max >=  86: 13
Min <=  86: 31
Max Rain: 2.11 ON 5-09-09
Days of Rain: 9 (> .008in) 6 (> .08in) 3 (> 0.8in)