NOAA Reports


Report for 2011 Mar

Daily noaa report



                            MONTHLY CLIMATOLOGICAL SUMMARY for MAR. 2011

NAME: Sunset Beach   CITY: Sunset Beach (Mainland) STATE: North Carolina
ELEV: 52 LAT: 033:54:59 LONG: 0078:29:50

                            TEMPERATURE ( F), RAIN (in.), WIND SPEED (mph)

                                               HEAT     COOL           AVG
      MEAN                                     DEG      DEG            WIND                       DOM
DAY   TEMP    HIGH   TIME     LOW    TIME      DAYS     DAYS    RAIN   SPEED    HIGH    TIME      DIR
----------------------------------------------------------------------------------------------------------------------------------------------------------
01    52.8   060.5   14:10    39.3   00:00     12.1     00.0   00.00   02.5     18.4    09:40      NE
02    45.7   061.3   14:00    31.1   06:50     19.3     00.0   00.00   00.3     10.3    14:30      SW
03    46.6   060.2   13:10    35.5   03:20     18.3     00.0   00.00   03.1     18.4    16:20     ENE
04    48.4   066.1   13:30    31.9   07:00     16.5     00.0   00.00   02.0     19.6    14:20     ENE
05    58.0   070.3   12:00    43.2   06:40     06.9     00.0   00.00   01.5     16.1    12:10     ESE
06    59.2   064.5   07:50    45.2   00:00     05.8     00.0   00.33   02.2     21.9    17:00      SW
07    45.3   059.1   14:33    33.5   06:51     19.7     00.0   00.00   00.5     17.3    10:35     NNE
08    48.9   064.3   13:25    32.2   04:09     16.1     00.0   00.00   02.6     18.4    16:45     ENE
09    58.1   067.4   11:04    46.2   05:10     06.8     00.0   00.00   04.9     27.6    10:58      E 
10    57.7   066.1   12:07    47.4   00:00     07.2     00.0   00.26   07.8     43.7    12:08     WSW
11    46.4   058.5   13:42    33.9   00:00     18.5     00.0   00.00   05.6     34.5    15:14      W 
12    46.9   059.1   14:33    29.6   06:40     18.0     00.0   00.01   04.3     26.4    17:54      SW
13    59.0   072.5   13:38    47.6   07:50     05.9     00.0   00.00   04.0     24.1    17:56     WSW
14    53.9   065.7   12:35    42.6   07:56     11.0     00.0   00.00   02.6     20.7    15:36      E 
15    55.9   071.9   13:30    39.6   07:50     09.1     00.0   00.00   02.3     17.3    16:24     ENE
16    62.6   074.3   15:09    48.5   00:00     02.4     00.0   00.00   05.5     32.2    14:07     WSW
17    52.3   068.5   13:22    39.6   07:32     12.6     00.0   00.00   00.6     17.3    17:11      SW
18    61.5   074.6   15:09    48.3   05:35     03.4     00.0   00.00   06.1     26.4    17:25     WSW
19    63.1   082.5   14:11    50.4   07:27     01.8     00.0   00.00   02.1     23.0    15:47     ENE
20    58.2   067.9   15:23    32.0   16:42     06.7     00.0   00.00   02.8     21.9    11:00     ENE
21    60.2   071.2   13:16    48.0   07:52     04.7     00.0   00.00   12.7     43.7    15:10     WSW
22    71.9   085.6   14:42    61.2   23:54     00.0     07.0   00.00   05.3     27.6    16:32     WSW
23    65.8   079.6   11:41    32.0   20:11     00.0     00.8   00.00   07.7     31.1    11:37     WSW
24    67.2   079.1   14:58    32.0   22:01     00.0     02.2   00.05   08.4     32.2    13:37     WSW
25    50.3   060.0   12:56    43.5   00:00     14.6     00.0   00.00   01.3     16.1    13:20     ENE
26    53.5   064.2   13:05    40.7   03:30     11.4     00.0   00.11   01.3     14.9    19:26     ESE
27    46.3   055.2   00:04    39.8   00:00     18.7     00.0   00.72   01.0     16.1    15:14      NE
28    41.0   044.6   17:10    32.0   06:00     23.9     00.0   00.42   01.7     17.3    08:49     NNE
29    46.0   060.8   15:25    31.7   07:35     19.0     00.0   00.00   01.4     18.4    17:52     ENE
30    51.8   065.0   11:46    41.8   00:01     13.1     00.0   01.33   01.0     16.1    15:58      NE
31    50.1   056.2   17:39    46.9   07:55     14.9     00.0   00.13   00.1     08.1    20:37     ENE
----------------------------------------------------------------------------------------------------------------------------------------------------------
54.3 (53.3)   85.6  day 22     29.6  day 12   338.6    010.1   03.82   03.4     43.7   day 21     WSW
Min <=  86: 31
Max Rain: 1.33 ON 30-03-11
Days of Rain: 643 (> .008in) 641 (> .08in) 1 (> 0.8in)