NOAA Reports


Report for 2011 May

Daily noaa report



                            MONTHLY CLIMATOLOGICAL SUMMARY for MAY. 2011

NAME: Sunset Beach   CITY: Sunset Beach (Mainland) STATE: North Carolina
ELEV: 52 LAT: 033:54:59 LONG: 0078:29:50

                            TEMPERATURE ( F), RAIN (in.), WIND SPEED (mph)

                                               HEAT     COOL           AVG
      MEAN                                     DEG      DEG            WIND                       DOM
DAY   TEMP    HIGH   TIME     LOW    TIME      DAYS     DAYS    RAIN   SPEED    HIGH    TIME      DIR
----------------------------------------------------------------------------------------------------------------------------------------------------------
01    64.6   075.9   13:31    51.1   10:41     00.4     00.0   00.00   01.1     13.8    17:41      E 
02    69.1   078.2   12:41    49.9   06:09     00.0     04.1   00.00   00.6     12.7    16:01     SSE
03    71.9   079.1   15:01    51.0   07:41     00.0     07.0   00.00   01.6     16.1    14:21      SW
04    67.8   074.2   16:31    46.0   00:14     00.0     02.9   00.00   01.5     17.3    10:01      W 
05    56.6   069.7   14:31    43.7   06:41     08.3     00.0   00.00   00.7     11.5    16:21      N 
06    58.6   074.3   12:51    45.1   06:41     06.3     00.0   00.67   00.4     10.3    15:11      SW
07    63.7   076.5   16:01    49.6   05:11     01.2     00.0   00.00   00.8     11.5    18:11      W 
08    72.1   084.1   17:31    62.6   03:21     00.0     07.2   00.00   01.3     17.3    09:51     WSW
09    66.7   078.0   12:41    51.0   07:11     00.0     01.7   00.00   00.5     11.5    15:01     ESE
10    66.8   078.6   15:01    50.9   13:11     00.0     01.9   00.25   00.3     09.2    20:11     SSE
11    70.0   077.4   13:51    63.8   08:01     00.0     05.0   00.09   02.1     18.4    12:01     ENE
12    66.3   072.4   12:21    51.0   03:01     00.0     01.4   00.00   00.4     11.5    17:31      E 
13    71.2   078.6   15:11    50.9   09:21     00.0     06.3   00.05   00.6     11.5    18:21     SSW
14    72.8   079.5   11:31    62.9   06:39     00.0     07.9   00.04   01.4     16.1    21:31     WSW
15    73.0   078.0   15:41    68.6   07:11     00.0     08.1   00.00   02.5     19.6    18:11     WSW
16    67.6   072.3   11:51    50.9   05:41     00.0     02.7   00.01   02.1     17.3    13:01     WSW
17    64.2   071.9   17:11    56.3   06:51     00.7     00.0   00.02   01.9     19.6    17:31     WSW
18    64.3   073.6   14:21    50.7   06:41     00.6     00.0   00.01   00.7     16.1    14:51     WSW
19    68.7   077.0   15:11    50.8   01:11     00.0     03.8   00.00   00.8     12.7    17:21     WSW
20    70.5   076.1   14:21    63.9   06:31     00.0     05.5   00.01   00.2     09.2    20:11     WSW
21    73.9   087.7   14:41    50.9   21:11     00.0     09.0   00.00   00.2     08.1    18:11      W 
22    76.3   087.3   13:11    50.8   11:11     00.0     11.3   00.00   01.7     16.1    03:01     WSW
23    78.8   086.4   12:51    50.8   22:01     00.0     13.8   00.00   01.8     13.8    19:11     WSW
24    77.3   082.3   14:01    73.4   06:41     00.0     12.4   00.00   02.5     19.6    16:31     WSW
25    77.0   082.8   14:51    72.3   06:21     00.0     12.1   00.00   01.0     14.9    14:31     SSW
26    76.8   084.1   13:41    50.8   13:11     00.0     11.8   00.00   00.4     12.7    14:21     SSE
27    76.6   084.4   14:51    50.8   19:41     00.0     11.6   00.00   00.0     09.2    13:31      S 
28    78.2   086.3   14:01    66.8   06:51     00.0     13.3   00.00   00.6     11.5    16:21      SW
29    82.6   097.4   16:11    50.8   06:31     00.0     17.7   00.00   00.3     11.5    16:31     WSW
----------------------------------------------------------------------------------------------------------------------------------------------------------
70.5 (67.1)   97.4  day 29     43.7  day 05   017.6    178.5   02.89   01.0     19.6   day 18      SW
Max >=  86: 5
Min <=  86: 29
Max Rain: 0.67 ON 6-05-11
Days of Rain: 9 (> .008in) 3 (> .08in) 0 (> 0.8in)