NOAA Reports


Report for 2012 Aug

Daily noaa report




                            MONTHLY CLIMATOLOGICAL SUMMARY for AUG. 2012

NAME: Sunset Beach   CITY: Sunset Beach (Mainland) STATE: North Carolina
ELEV: 52 Feet LAT: 033:54:59.65 LONG: 0078:29:49.39

                            TEMPERATURE ( F), RAIN (in.), WIND SPEED (mph)

                                               HEAT     COOL           AVG
      MEAN                                     DEG      DEG            WIND                       DOM
DAY   TEMP    HIGH   TIME     LOW    TIME      DAYS     DAYS    RAIN   SPEED    HIGH    TIME      DIR
----------------------------------------------------------------------------------------------------------------------------------------------------------
01    78.5   086.3   17:21    71.7   09:51     00.0     13.6   00.44   00.1     08.1    19:11      NW
02    81.2   090.3   17:11    69.7   07:11     00.0     16.3   00.01   00.3     10.3    15:41     WSW
03    81.7   090.2   17:01    72.5   02:31     00.0     16.8   00.00   00.7     12.7    12:21     WSW
04    82.7   090.4   12:11    74.2   04:51     00.0     17.8   00.00   00.3     13.8    16:51     SSE
05    83.7   090.2   13:41    73.6   21:31     00.0     18.7   00.00   00.4     11.5    18:11     SSE
06    83.5   091.0   13:41    77.0   07:31     00.0     18.5   00.00   01.0     49.5    00:14      SW
07    78.6   084.3   16:01    73.7   18:01     00.0     13.7   03.10   00.3     11.5    04:51      SW
08    77.6   085.3   16:31    72.0   08:21     00.0     12.6   00.36   00.2     10.3    18:01     WSW
09    81.1   088.8   13:11    71.5   07:21     00.0     16.1   00.00   00.6     11.5    00:00     SSW
10    81.6   087.1   14:31    77.1   08:01     00.0     16.6   00.15   04.4     20.7    15:41     WSW
11    80.3   087.0   13:41    72.8   00:00     00.0     15.4   00.44   02.4     21.9    13:21     WSW
12    77.6   085.4   13:41    71.1   05:01     00.0     12.7   00.07   00.2     11.5    13:01      SW
13    80.5   090.2   14:01    71.0   06:21     00.0     15.6   00.01   00.4     11.5    16:11      SW
14    82.8   091.3   14:51    73.7   07:31     00.0     17.9   00.00   01.0     11.5    20:21     WSW
15    83.6   090.0   12:41    73.6   20:21     00.0     18.7   00.00   02.1     13.8    17:21     WSW
16    81.7   092.6   14:11    72.1   07:31     00.0     16.7   00.00   00.9     11.5    18:31     WSW
17    80.0   089.4   15:11    69.3   07:11     00.0     15.0   00.00   01.0     16.1    19:41     WSW
18    79.3   089.7   13:51    71.1   07:21     00.0     14.3   00.00   00.4     10.3    15:01     WSW
19    77.6   089.3   12:11    71.9   05:01     00.0     12.7   00.84   00.8     14.9    14:41     WSW
20    78.6   087.9   15:41    72.6   21:21     00.0     13.7   00.35   01.0     17.3    09:51     WSW
21    75.8   083.5   15:11    72.3   11:01     00.0     10.9   00.64   00.1     10.3    02:01     SSE
22    76.0   085.3   13:51    71.5   19:01     00.0     11.1   01.11   00.2     09.2    17:51      E 
23    73.7   084.9   13:21    70.6   00:00     00.0     08.7   01.45   00.2     11.5    14:11      NE
24    70.2   072.5   11:24    68.5   23:45     00.0     05.3   00.43   00.2     12.7    16:33     NNE
25    72.1   082.0   15:54    66.6   04:31     00.0     07.1   00.00   00.0     06.9    12:59      N 
26    75.9   090.6   14:58    64.0   07:20     00.0     10.9   00.00   00.3     13.8    15:18     NNE
27    79.6   088.9   12:07    72.8   04:27     00.0     14.7   00.00   00.4     14.9    13:38     ENE
28    77.0   081.2   12:22    74.8   00:00     00.0     12.0   00.59   00.4     12.7    07:06      S 
29    77.2   087.7   14:33    72.4   23:20     00.0     12.2   01.36   00.2     10.3    17:30      S 
30    76.3   085.3   15:10    71.7   07:19     00.0     11.3   00.04   00.0     06.9    16:04     ESE
31    78.6   089.9   12:24    67.5   06:42     00.0     13.6   00.01   00.6     13.8    15:24      SE
----------------------------------------------------------------------------------------------------------------------------------------------------------
78.9 (79.6)   92.6  day 16     64.0  day 26   000.0    431.3   11.78   00.7     49.5   day 06     WSW
Max >=  86: 21
Min <=  86: 31
Max Rain: 3.10 ON 7-08-14
Days of Rain: 18 (> .008in) 13 (> .08in) 5 (> 0.8in)