NOAA Reports


Report for 2015 Aug

Daily noaa report


                            MONTHLY CLIMATOLOGICAL SUMMARY for AUG. 2015

NAME: Sunset Beach   CITY: Sunset Beach (Mainland) STATE: North Carolina
ELEV: 52 Feet LAT: 033:54:59.65 LONG: 0078:29:49.39

                            TEMPERATURE ( F), RAIN (in.), WIND SPEED (mph)

                                               HEAT     COOL           AVG
      MEAN                                     DEG      DEG            WIND                      DOM
DAY   TEMP    HIGH   TIME     LOW    TIME      DAYS     DAYS    RAIN   SPEED   HIGH    TIME      DIR
----------------------------------------------------------------------------------------------------------------------------------------------------------
01    80.8   090.7   14:33    72.7   07:35     00.0     15.8   00.00   002     016    19:07      N 
02    81.7   093.1   11:56    72.1   06:35     00.0     16.8   00.00   002     016    16:07      N 
03    79.5   089.5   13:09    74.9   04:23     00.0     14.6   00.35   002     023    00:38      N 
04    81.3   086.6   16:04    77.2   06:33     00.0     16.4   00.53   003     020    11:53      N 
05    84.6   093.2   11:19    78.8   06:56     00.0     19.7   00.00   003     016    17:10      N 
06    83.3   091.2   12:33    76.1   00:00     00.0     18.3   00.20   003     024    17:34      N 
07    79.4   089.6   14:38    73.0   02:39     00.0     14.5   00.03   002     013    16:50      N 
08    78.0   087.9   17:09    71.9   23:55     00.0     13.1   00.00   001     010    17:53      N 
09    77.0   089.4   14:13    65.9   06:59     00.0     12.1   00.00   001     014    13:22      N 
10    78.2   088.8   13:25    65.8   06:41     00.0     13.3   00.00   001     013    11:32      N 
11    81.4   087.3   11:34    77.3   00:21     00.0     16.5   00.76   004     020    11:36      N 
12    79.7   089.7   13:28    71.6   07:14     00.0     14.8   00.00   001     009    17:46      N 
13    78.4   089.8   12:39    67.9   00:00     00.0     13.5   00.01   002     016    14:30      N 
14    76.8   090.6   14:48    63.3   05:40     00.0     11.9   00.00   002     017    16:09      N 
15    77.2   092.0   14:02    63.1   06:51     00.0     12.3   00.00   001     015    17:27      N 
16    77.5   089.3   13:51    65.5   06:20     00.0     12.6   00.00   001     013    13:39      N 
17    79.4   092.5   12:07    66.0   06:34     00.0     14.5   00.00   001     012    18:27      N 
18    76.3   082.1   14:28    71.4   06:35     00.0     11.3   00.19   000     013    14:18      N 
19    80.7   088.7   12:11    73.5   00:04     00.0     15.8   00.63   002     017    12:36      N 
20    81.4   091.0   15:28    74.9   07:16     00.0     16.5   00.02   002     014    18:42      N 
21    80.3   092.9   14:08    73.7   23:53     00.0     15.4   01.74   001     018    15:28      N 
22    80.1   092.7   15:09    70.4   00:00     00.0     15.2   00.00   001     012    11:46      N 
23    77.7   090.5   17:07    65.5   06:20     00.0     12.7   00.00   000     009    10:41      N 
24    80.0   089.5   13:27    71.8   07:22     00.0     15.1   00.00   001     014    14:31      N 
25    81.0   089.7   12:58    75.4   06:11     00.0     16.1   00.00   001     013    14:49      N 
26    78.1   088.1   15:34    72.8   07:50     00.0     13.2   00.11   001     012    14:50      N 
27    76.6   084.6   14:36    71.8   07:07     00.0     11.7   00.00   001     009    22:10      N 
28    77.1   088.1   16:19    68.3   06:27     00.0     12.2   00.00   002     017    11:12      N 
29    76.6   088.5   15:17    65.6   07:02     00.0     11.6   00.00   001     012    09:33      N 
30    74.9   084.8   13:12    69.9   05:27     00.0     09.9   00.28   001     010    13:34      N 
31    76.8   083.5   16:53    72.1   00:03     00.0     11.9   02.04   001     017    07:42      N 
----------------------------------------------------------------------------------------------------------------------------------------------------------
79.1 (80.1)   93.2  day 05     63.1  day 15   000.0    438.8   06.89   01.5     024   day 06     N
Max >=  86: 27
Min <=  86: 31
Max Rain: 2.04 ON 31-08-15
Days of Rain: 13 (> .008in) 10 (> .08in) 2 (> 0.8in)