NOAA Reports


Report for 2016 Jul

Daily noaa report



                            MONTHLY CLIMATOLOGICAL SUMMARY for JUL. 2016

NAME: Sunset Beach   CITY: Sunset Beach (Mainland) STATE: North Carolina
ELEV: 49 Feet LAT: 033:54:59.65 LONG: 0078:29:49.39

                            TEMPERATURE ( F), RAIN (in.), WIND SPEED (mph)

                                               HEAT     COOL           AVG
      MEAN                                     DEG      DEG            WIND                      DOM
DAY   TEMP    HIGH   TIME     LOW    TIME      DAYS     DAYS    RAIN   SPEED   HIGH    TIME      DIR
--------------------------------------------------------------------------------------------------------
01    78.5   085.1   13:57    72.7   06:10     00.0     13.6   00.39   003     020    08:42     SSW
02    83.0   090.3   12:35    76.5   05:01     00.0     18.1   00.39   004     017    19:03      SW
03    83.8   092.7   14:22    76.7   21:17     00.0     18.8   00.03   004     021    17:08      SW
04    81.9   090.5   17:13    79.8   00:03     00.0     17.0   00.00   005     021    19:04      SW
05    86.4   094.9   12:15    79.4   00:00     00.0     21.4   00.00   007     025    17:50      SW
06    84.6   098.8   16:23    75.1   06:43     00.0     19.7   00.00   006     022    20:55      SW
07    82.9   093.7   12:50    74.4   06:46     00.0     18.0   00.05   006     028    23:02      SW
08    84.2   098.4   14:43    71.0   05:21     00.0     19.3   00.14   004     018    15:31      SW
09    83.9   098.3   14:53    71.1   06:50     00.0     19.0   00.16   003     031    00:25      SW
10    83.9   096.1   12:16    73.5   20:22     00.0     18.9   00.18   003     029    19:36     SSW
11    78.8   089.9   13:03    71.8   23:35     00.0     13.9   00.17   002     012    22:49     ESE
12    81.3   092.1   16:52    71.7   06:28     00.0     16.3   00.04   002     012    23:22      SE
13    87.3   099.4   14:30    77.5   07:05     00.0     22.4   00.00   003     017    18:32     SSW
14    86.3   094.7   13:23    80.3   06:42     00.0     21.4   00.00   005     017    15:01     SSW
15    81.9   091.6   14:24    73.3   00:00     00.0     16.9   00.01   005     021    15:40     SSW
16    80.1   089.7   15:07    71.1   06:01     00.0     15.1   00.04   002     013    19:05     SSW
17    79.6   091.3   15:55    70.9   06:50     00.0     14.6   00.02   002     017    15:24     SSW
18    79.5   090.9   16:50    67.7   05:39     00.0     14.5   00.11   002     018    17:06     SSW
19    82.4   093.4   12:13    71.1   23:07     00.0     17.4   00.30   003     028    19:02     SSW
20    79.7   090.9   16:51    69.7   03:09     00.0     14.7   00.01   002     012    18:50     SSW
21    79.3   092.1   11:24    69.3   06:50     00.0     14.3   00.31   001     013    14:52     SSE
22    80.7   090.6   15:34    67.1   05:34     00.0     15.7   00.00   002     012    17:42     SSE
23    81.0   091.0   16:23    71.7   07:37     00.0     16.1   02.88   003     018    18:03     SSW
24    84.7   091.3   12:47    76.4   00:10     00.0     19.7   00.00   003     021    16:31     SSW
25    84.9   090.9   12:36    78.0   06:51     00.0     19.9   00.00   004     021    18:37     SSW
26    84.7   092.4   15:54    77.9   06:56     00.0     19.7   00.00   005     017    18:17     SSW
27    86.2   096.6   12:51    79.3   07:28     00.0     21.3   00.00   005     020    14:59     SSW
28    87.2   096.3   13:19    80.1   06:56     00.0     22.3   00.00   006     021    21:37     SSW
29    87.3   098.5   16:05    79.9   06:54     00.0     22.4   00.00   005     022    13:49     SSW
30    87.5   098.8   12:24    79.8   03:10     00.0     22.6   00.00   003     017    15:22     SSW
31    85.2   092.2   14:11    78.9   00:50     00.0     20.2   00.00   005     028    15:05     SSW
--------------------------------------------------------------------------------------------------------
83.2 (84.0)   99.4  day 13     67.1  day 22   000.0    565.5   04.87   03.7     031   day 19     SSW
Max >=  86: 30
Min <=  86: 31
Max Rain: 2.88 ON 23-07-16
Days of Rain: 17 (> .008in) 10 (> .08in) 1 (> 0.8in)