NOAA Reports


Report for 2018 May






                            MONTHLY CLIMATOLOGICAL SUMMARY for MAY. 2018

NAME: Carolina Stormwatch   CITY: Calabash STATE: North Carolina
ELEV: 44 Feet LAT: 033:55:28.7554 LONG: -0078:34:10.7426

                            TEMPERATURE ( F), RAIN (in.), WIND SPEED (mph)

                                               HEAT     COOL           AVG
      MEAN                                     DEG      DEG            WIND                      DOM
DAY   TEMP    HIGH   TIME     LOW    TIME      DAYS     DAYS    RAIN   SPEED   HIGH    TIME      DIR
--------------------------------------------------------------------------------------------------------
01    64.2   082.0   12:57    46.8   06:54     00.7     00.0   00.00   002     014    18:09     WNW
02    67.8   083.6   12:01    51.3   06:45     00.0     02.8   00.00   002     013    18:48     WSW
03    67.9   079.8   14:39    53.5   06:48     00.0     02.9   00.00   002     015    16:37      W 
04    69.1   081.2   13:45    56.0   06:48     00.0     04.2   00.00   003     016    15:37      W 
05    71.5   084.3   14:00    58.2   06:52     00.0     06.6   00.11   002     014    12:34     WSW
06    73.2   084.1   14:33    69.1   06:29     00.0     08.2   00.35   002     018    17:01     SSW
07    69.1   075.7   17:14    64.0   00:00     00.0     04.1   00.00   003     015    21:20      NE
08    64.2   076.6   16:24    56.1   06:48     00.7     00.0   00.00   003     015    12:19      NE
09    66.6   082.2   15:42    57.3   00:10     00.0     01.7   00.00   002     012    17:40      E 
10    70.2   083.5   13:29    56.6   05:41     00.0     05.3   00.00   002     017    17:59     SSW
11    76.0   092.2   15:21    62.6   06:45     00.0     11.0   00.00   001     014    15:24      S 
12    76.3   089.9   12:20    64.1   06:27     00.0     11.3   00.00   002     016    17:39     SSW
13    77.1   088.6   11:46    67.6   06:20     00.0     12.1   00.00   002     017    16:54     SSW
14    76.3   085.3   14:36    66.3   06:41     00.0     11.3   00.00   002     015    17:22     SSW
15    76.1   085.9   12:50    69.9   02:47     00.0     11.1   00.12   002     018    15:19      S 
16    74.7   083.1   12:18    69.6   05:44     00.0     09.7   00.78   002     022    16:35      S 
17    74.0   077.7   17:16    70.0   07:16     00.0     09.1   00.25   003     017    21:12      S 
18    75.0   079.1   15:53    71.9   09:43     00.0     10.1   00.38   003     013    23:30      S 
19    72.0   073.9   01:46    70.1   06:00     00.0     07.0   01.51   002     021    04:10      S 
20    74.2   079.3   15:22    69.5   06:17     00.0     09.3   00.40   002     014    10:15      S 
21    75.9   085.5   12:16    69.4   06:49     00.0     10.9   00.03   001     016    15:36      S 
22    76.2   084.9   14:15    68.1   06:49     00.0     11.3   00.05   002     016    15:27      S 
23    75.8   086.0   13:06    69.7   06:22     00.0     10.9   00.08   001     014    17:24      S 
24    74.1   084.1   14:02    67.4   04:53     00.0     09.2   00.05   001     013    14:22     ESE
25    76.9   087.5   14:55    67.8   06:18     00.0     11.9   00.00   002     013    16:36     SSE
26    76.2   085.5   14:05    69.3   06:19     00.0     11.3   00.00   002     016    17:38      S 
27    76.1   086.0   13:33    69.1   06:30     00.0     11.2   00.01   002     016    18:39     SSE
28    74.1   078.0   14:32    71.8   03:08     00.0     09.2   02.25   002     014    08:33      SE
29    79.3   085.7   15:06    74.4   02:15     00.0     14.3   00.10   004     021    14:26      S 
30    79.2   087.3   15:10    74.9   00:00     00.0     14.2   00.09   002     014    15:22      S 
31    79.0   087.7   11:40    73.6   04:33     00.0     14.0   00.00   002     016    14:48      S 
--------------------------------------------------------------------------------------------------------
73.5 (74.4)   92.2  day 11     46.8  day 01   001.4    266.5   06.56   02.1     022   day 07      S 
Max >=  86: 8
Min <=  86: 31
Max Rain: 2.25 ON 28-05-18
Days of Rain: 16 (> .008in) 11 (> .08in) 2 (> 0.8in)