NOAA Climate Reports


Report for 2018 September

Daily NOAA report




                            MONTHLY CLIMATOLOGICAL SUMMARY for SEP. 2018

NAME: Carolina Stormwatch   CITY: Calabash STATE: North Carolina
ELEV: 39 Feet LAT: 033:55:28.7554 LONG: -0078:34:10.7426

                            TEMPERATURE ( °F), RAIN (in.), WIND SPEED (mph)

                                               HEAT     COOL           AVG
      MEAN                                     DEG      DEG            WIND                      DOM
DAY   TEMP    HIGH   TIME     LOW    TIME      DAYS     DAYS    RAIN   SPEED   HIGH    TIME      DIR
--------------------------------------------------------------------------------------------------------
01    81.0   092.9   13:11    71.3   07:06     00.0     16.0   00.00   002     013    18:17     SSE
02    80.0   092.2   12:17    71.9   05:22     00.0     15.1   00.07   001     013    18:02     ESE
03    79.6   093.1   13:19    72.0   05:16     00.0     14.6   00.38   001     014    16:04      E 
04    80.0   091.7   14:29    71.8   05:29     00.0     15.1   00.00   001     013    15:14     ESE
05    80.4   092.5   12:14    72.1   06:24     00.0     15.5   00.03   002     016    15:14      E 
06    78.3   092.7   13:23    70.4   07:04     00.0     13.4   00.24   001     015    16:19      E 
07    77.2   086.8   12:24    70.4   07:03     00.0     12.2   00.02   001     013    16:14     ESE
08    79.6   091.4   13:59    70.0   07:09     00.0     14.7   00.00   001     013    17:09      SE
09    79.6   090.1   13:22    71.5   07:13     00.0     14.6   00.06   001     013    17:13     SSE
10    80.2   091.0   13:03    72.4   07:19     00.0     15.3   00.66   001     014    17:16      SE
11    78.8   092.0   12:14    72.0   07:01     00.0     13.9   00.00   001     015    12:18      E 
12    80.7   091.0   16:03    73.8   06:04     00.0     15.8   00.01   001     014    16:16      NE
13    79.4   085.4   12:20    75.9   02:19     00.0     14.5   00.12   005     029    23:07      N 
18    76.6   080.6   02:05    74.7   05:15     00.0     11.7   12.56   009     032    06:12      N 
19    73.6   075.7   20:01    72.3   23:55     00.0     08.7   12.56   00.0     001    20:01      E 
20    78.1   089.7   14:10    69.6   06:50     00.0     13.1   00.00   002     014    15:52      SE
--------------------------------------------------------------------------------------------------------
78.9 (80.7)   93.1  day 03     69.6  day 20   000.0    224.0   14.15   02.0     032   day 14      E 
Max >=  86: 13
Min  .008in) 6 (> .08in) 2 (> 0.8in)