NOAA Climate Reports


Report for 2018 July

Daily NOAA report




                            MONTHLY CLIMATOLOGICAL SUMMARY for JUL. 2018

NAME: Carolina Stormwatch   CITY: Calabash STATE: North Carolina
ELEV: 39 Feet LAT: 033:55:28.7554 LONG: -0078:34:10.7426

                            TEMPERATURE ( °F), RAIN (in.), WIND SPEED (mph)

                                               HEAT     COOL           AVG
      MEAN                                     DEG      DEG            WIND                      DOM
DAY   TEMP    HIGH   TIME     LOW    TIME      DAYS     DAYS    RAIN   SPEED   HIGH    TIME      DIR
--------------------------------------------------------------------------------------------------------
01    81.3   092.1   15:21    73.5   06:45     00.0     16.4   00.11   001     014    16:08      SE
02    82.2   094.2   14:30    72.2   06:33     00.0     17.2   00.00   001     012    16:56      SE
03    82.1   092.6   12:32    72.9   06:10     00.0     17.2   00.00   002     015    17:02      E 
04    81.3   090.9   12:02    73.7   06:35     00.0     16.3   00.25   002     015    18:43     ENE
05    81.1   091.1   15:39    73.0   06:43     00.0     16.1   00.01   001     013    15:50     ENE
06    80.9   090.7   13:50    71.8   06:35     00.0     15.9   00.01   001     013    15:48     ESE
07    75.9   087.8   13:51    71.1   06:01     00.0     11.0   00.97   002     017    14:37      N 
08    75.7   082.4   15:16    68.9   04:03     00.0     10.8   00.00   003     021    12:37     NNE
09    75.1   085.9   15:05    65.0   00:00     00.0     10.1   00.00   002     013    14:41      N 
10    75.6   092.2   16:35    58.6   06:37     00.0     10.7   00.00   001     013    12:59     ENE
11    80.7   094.6   13:36    68.1   06:14     00.0     15.7   00.02   001     014    15:24      S 
12    80.9   094.0   12:57    73.2   00:00     00.0     16.0   00.14   001     015    15:57     SSE
13    78.1   088.2   17:07    73.2   00:22     00.0     13.2   00.08   002     013    12:06      NE
14    78.8   089.2   13:04    68.8   00:00     00.0     13.9   00.00   002     015    16:05     ENE
15    77.8   091.9   14:06    64.2   06:15     00.0     12.9   00.02   002     013    18:08     ESE
16    78.2   089.8   16:56    67.9   06:27     00.0     13.3   00.00   001     009    16:01     SSE
--------------------------------------------------------------------------------------------------------
79.1 (80.1)   94.6  day 11     58.6  day 10   000.0    226.6   01.61   01.7     021   day 08     ENE
Max >=  86: 14
Min  .008in) 4 (> .08in) 1 (> 0.8in)